3/6 + 4*c**2. Suppose 3*n = -o, 3*n + 2*o = 6*o. Let h = -1 - n. Determine v(h).
0
Suppose 6*r + 0 - 12 = 0. Let o(l) be the second derivative of -l**5/10 + l**4/4 - l**3/6 - l**2/2 - l. Give o(r).
-7
Let c(a) = -a**3 + 5*a**2 + 6*a + 2. Let v be c(6). Let u(l) = 3*l**v + 3*l - 32 + 32. What is u(-2)?
6
Let c(i) = -i**3 - 3*i**2 + 4*i + 4. Let p(g) = g**3 + 4*g**2 - 6*g - 5. Let x be p(-5). Suppose 4*l - 1 = u - l, u = -3*l + 7. Let h = x - u. Give c(h).
4
Let m(u) = -u + 6. Let f be m(3). Suppose 0 = r - f - 0. Suppose r*o - 3 = 9. Let g(q) = -q**2 + 4*q - 1. Give g(o).
-1
Let r(z) be the third derivative of -z**5/60 - z**4/12 + z**3/2 + z**2. What is r(-3)?
0
Let f(r) = -13*r + 1 + 5*r - r**2 + 4*r. Suppose 13 = -3*j + 4. Give f(j).
4
Suppose -7*l + 3 = -4*l. Let q(u) be the first derivative of -u - 1/4*u**4 + 0*u**3 - 2 + 0*u**2. Determine q(l).
-2
Let w(a) = 7*a**2 + 2*a - 7. Let j(o) = -3*o**2 - o + 3. Let c(z) = 5*j(z) + 2*w(z). Determine c(1).
-1
Let u(x) = -x**2 - 1. Let b(w) = -7*w**2 - 5*w - 9. Let y be -2*(-1)/(-2) - -2. Let v = -9 - -3. Let t(i) = v*u(i) + y*b(i). Determine t(-3).
3
Let u be ((-15)/6)/(1/2). Let p = -5 - u. Let j(q) = q**3 - q**2 - 10. Calculate j(p).
-10
Let g(n) = -4*n**2 - n. Let d be g(1). Let a(k) = k**2 + 0*k**2 + 0*k**2. Let h(y) = -y**3 - 2*y**2 + 3*y + 7. Let o(z) = -3*a(z) + h(z). What is o(d)?
-8
Suppose -3*s = 2*s + 5. Let r be 1 - 1*(s + -2). Let o(f) = -5*f**3 + f**2 + 4*f + 8. Let m(g) = -g**3 + g**2 + 1. Let j(y) = -6*m(y) + o(y). What is j(r)?
2
Let v(d) = -d**3 - d**2 + 2*d. Let o(w) = -2*w**2 - 11*w - 14. Let y be o(-4). Calculate v(y).
0
Let a(v) be the first derivative of v**3/3 + 5*v**2/2 + 7*v + 32. Let h be (1/(-2))/((-1)/(-10)). What is a(h)?
7
Let g(s) = s**2 + 3*s**2 - 3 - 7*s - 5*s**2 + 2. Suppose 8 = -4*i - 20. Calculate g(i).
-1
Let s(p) = p**2 - p + 4. Let y be s(0). Let m(a) be the third derivative of a**5/60 - a**4/3 + 5*a**3/6 - a**2. What is m(y)?
-11
Let h(z) = z**3 - 11*z**2 + z - 8. Let m be h(11). Let o(j) be the first derivative of 0*j**m + 1/4*j**4 + j - 3/2*j**2 + 2. Calculate o(2).
3
Let q(x) = -x**2 - 8*x + 13. Let g be q(-9). Let z be (g/3)/((-1)/(-3)). Suppose -z*j = -j. Let u(s) = s**2 - 2. Give u(j).
-2
Let k = -4 + 4. Suppose 4*i + k*i + 3*w - 47 = 0, 0 = 3*w + 9. Let n = i + -8. Let b(h) = h - 6. Calculate b(n).
0
Suppose -2*t - 37 = -4*g + 21, 0 = t + 4*g + 5. Let f = 20 + t. Let y(r) = -4*r. What is y(f)?
4
Let d(k) = 2*k**2 + 21*k + 23. Let o(z) = -z**2 - 10*z - 11. Let t(q) = 6*d(q) + 13*o(q). Give t(-6).
-17
Let a(z) = 17 - 35 - 2*z + 17. Give a(4).
-9
Let q(l) = -7*l + 2*l + 0*l. Determine q(1).
-5
Let k(p) = p + 2. Suppose 4*f + 5*n = 50 + 14, -2*n + 8 = 0. Let r = -7 + f. What is k(r)?
6
Let k(v) = -5*v**3 - 6*v**2 - 4. Let y(w) = 4*w**3 + 5*w**2 + 3. Suppose -4*c - 12 - 12 = 0. Let b(u) = c*y(u) - 5*k(u). What is b(-2)?
-6
Let d(m) = 6*m + 34. Let p be d(-6). Let v(c) = -c - 3. Give v(p).
-1
Let q(h) = 2*h**2 + 7*h + 3. Suppose -10 = 4*s - 34. Let v(b) = s*b + 6*b + b + 5 + 3*b**2. Let m(y) = -5*q(y) + 3*v(y). Give m(4).
0
Let z(h) = -h**2 + 2*h - 4. Let r be 6/(-21)*(-14)/8*6. Determine z(r).
-7
Suppose -3*x - 4*y = 2*x - 20, 25 = 5*y. Let r(i) = i + 3. What is r(x)?
3
Let d(h) = -5*h**3 - 2*h - 1. Suppose 0 = 5*s - 13 - 2. Let g = 0 - s. Let a be (1 - 2)/(g/(-3)). Determine d(a).
6
Suppose -4*m = -5*g - 1 - 8, 4*g + 36 = -4*m. Let d(a) = -a**2 - 7*a - 6. Calculate d(g).
4
Let x(o) = 5*o**2 + 13*o + 3. Let k(n) = 2*n**2 + 4*n + 1. Suppose 5 = 5*m + s, 0 = -5*m + 5*s - s + 30. Let l(a) = m*x(a) - 7*k(a). Determine l(-1).
-3
Let w(t) be the second derivative of t**3/6 - 7*t**2/2 - 17*t. What is w(5)?
-2
Let f(b) = -12*b**3 + 13*b**3 - 6*b + 7 + 23*b**2 - 28*b**2. Let u be (-6)/(-5)*(5 + 0). Calculate f(u).
7
Let s(r) = -r - 3. Let c(x) = x + 2. Let n(v) = 6*c(v) + 5*s(v). Calculate n(0).
-3
Let s(l) = -4*l + 28. Let n be s(6). Let o(h) be the second derivative of 0 + 1/12*h**n + 2/3*h**3 - 2*h**2 - 2*h. Calculate o(-4).
-4
Let u = 8 - 5. Let c = -8 + u. Let w(i) = -13 - i**3 - 2*i**2 + 3*i - 2*i**2 + 12. Determine w(c).
9
Let s = 2 + 1. Let b(v) = -6 + v**2 - 4*v + 7 + 10*v. Let a(f) = 3*f + 1. Let l(q) = 5*a(q) - 2*b(q). What is l(s)?
-6
Let m(x) = -4*x**3 + 9*x - 6*x - 4*x + 3*x**3 - 9. Suppose -h - h = 0. Give m(h).
-9
Let o(l) = -l + 9. Suppose -8*g + 26 + 30 = 0. What is o(g)?
2
Let j(v) = -3 + 1 - 1 + v. Let h be (-5)/2*(4 - 2). Give j(h).
-8
Suppose x = 4*x. Let h be (-1 - x)/(1/5). Let l(i) = 2*i - 1. Calculate l(h).
-11
Let f be (-22)/(-3) + (-10)/(-15). Let b be ((-3)/6 - 0)*f. Let a(z) = z**3 + 4*z**2 + 3*z - 4. Determine a(b).
-16
Let l(h) = h**3 - 6*h**2 - h + 4. Let t be 12/(3/(2 - -1) - -1). Calculate l(t).
-2
Let t(o) = -o**3 + 6*o**2 - 6*o + 3. Suppose 4*c - 24 = -2*u, 3*c + u = 1 + 16. Determine t(c).
-2
Let h(f) = f**3 - 5*f**2 - 4*f - 7. Let j = -1 + 7. Give h(j).
5
Let a(n) be the third derivative of n**4/12 + 2*n**3/3 - 2*n**2. Suppose -2*z = -5 - 5. Suppose 5*o + 10 = z*y - 20, o + 4*y = 9. Calculate a(o).
-2
Let v(o) = -3*o - 2*o - 4*o**2 + 3*o**2 - 2. Suppose 4*k + 0*k = 12. Suppose -k = 4*w + 5*i, 3*w + 2*i + 2 = -2*i. Calculate v(w).
4
Let i(q) be the second derivative of q**6/180 + q**5/120 + q**4/12 - 4*q. Let r(o) be the third derivative of i(o). Determine r(1).
5
Let l(y) = y**3 - 5*y + 8*y**2 + 7*y + 2 + y + 4*y. Let j be l(-7). Let i(h) = 2*h**3 - 4*h**2 + 3*h. Give i(j).
6
Let r(m) = -m**2 - 7*m - 6. Let w be -5 - (-8)/6*21/(-14). What is r(w)?
-6
Let m = -2 - -5. Let t = -3 - m. Let u(w) = w**2 + 5*w - 6. Calculate u(t).
0
Suppose 5 = 5*h + 10. Let w(t) = -4*t**2 - t - 1. Give w(h).
-4
Suppose 1 + 5 = -3*f. Let p = f + -3. Let m(k) = -k**2 + 3*k + 2. Let g(t) = t**2 + t - 1. Let s(l) = -2*g(l) - m(l). Calculate s(p).
0
Suppose -3*w + 3*p + 2*p - 35 = 0, -3*w + 1 = 4*p. Let c(r) = -r**2 - 2*r + 1. Give c(w).
-14
Let w(z) = z**2 + 6*z + 1. Let s = -15 + 11. What is w(s)?
-7
Suppose 1 = -3*l + q, -2*q = 2*l - q + 9. Let d(s) = 6*s**2 + 3*s + 3. Give d(l).
21
Let x(k) = k**2 - 9*k**3 - 4 + 6*k - 4*k + 0*k + 0*k. Let f(w) = 10*w**3 - w**2 - 3*w + 5. Let s(d) = 3*f(d) + 4*x(d). What is s(-1)?
7
Let g(d) = -d**2 - 5*d - 3. Let l = 6 - 2. Suppose -3*j - 40 = l*z + z, j = 4*z + 15. Determine g(z).
-3
Let j(z) = -z**2 + 9*z - 15. Let a be j(5). Let v(i) = -i + 4. Calculate v(a).
-1
Let u = -2 - -14. Let j be u/7 - (-4)/14. Let f(s) = 2*s + 0*s - 3 + s**j - s + 2*s. What is f(-4)?
1
Let h(a) = -a**2 + 11*a + 31. Let l be h(13). Let x(m) be the second derivative of -m + 1/20*m**l - 5/6*m**3 - 3/2*m**2 + 0 + 1/3*m**4. Calculate x(-5).
-3
Let f(d) be the third derivative of -d**5/60 - d**4/12 + d**3/3 + 8*d**2. What is f(-3)?
-1
Let m(o) = -16*o**2 - 1. Let z = -63 + 64. Calculate m(z).
-17
Let h = 1 - -3. Let l(b) = 2*b**2 - 1 + b - 2*b**2 - b**2 + h. Calculate l(0).
3
Let y(o) = o**3 + 6*o**2 + 5*o - 3. Let b be y(-5). Let i be (2/(-3))/((-2)/b). Let h(r) = -r**2 + r + 1. Give h(i).
-1
Let p(y) be the second derivative of y**4/12 + y**3/3 + 2*y**2 + 11*y. What is p(-3)?
7
Let g(z) = 17*z + 1. Let h(x) = 16*x + 2. Let p(b) = -3*g(b) + 2*h(b). What is p(-1)?
20
Let c(i) = 4*i + 3. Let l = -34 - -32. What is c(l)?
-5
Let a(l) be the second derivative of -9*l**5/20 + l**4/12 - l. Let p be 1*(-3 + 2) - -2. Calculate a(p).
-8
Let i(a) = a**3 - 3*a**2 + a + 2. Let q = 8 + -6. Suppose -q*z + 6 = -0*z. Calculate i(z).
5
Let s(p) = -2*p**2 + 9*p - 6. Let q(d) = 3*d**2 - 17*d + 11. Let m(c) = 3*q(c) + 5*s(c). Let w = 61 + -66. What is m(w)?
8
Let y(w) = 4*w - 3. Let p(d) = 4*d + 29. Let o be p(-8). What is y(o)?
-15
Let q(o) be the first derivative of o**3/3 + 9*o**2/2 + 2*o + 5. Give q(-8).
-6
Let z(v) = 2*v + 10. Let b = 90 - 99. Give z(b).
-8
Let z(o) = 4*o - 4. Suppose 0 = 3*h + 9 + 3. Let g = h - -9. What is z(g)?
16
Let j(c) = 6*c + 5. Let l(k) = 16*k + 9. Let u(n) = n. Let y(o) = -l(o) + 5*u(o). Let d(i) = -7*j(i) - 4*y(i). Determine d(-1).
-1
Let h(f) = f**3 - 2*f**2 - 2*f + 1. Let w(d) = d**2 + d - 3. Let u be w(-3). Let t(m) = 2*m - 3. Let o be t(u). Give h(o).
4
Let d(j) = -j**3 + j**2 + 3*j - 6. Let n be d(3). Let l = n - -15. Let o(z) = -z**3 - 12. Calculate o(l).
-12
Let i(l) = 2*l - 12. Suppose 0 = y - 8. Give i(y).
4
Let u(k)